i**2 - 6*i - 9. Suppose 0*c + 2*c = 12. Let y(w) = w - 13. Let r be y(c). What are the prime factors of h(r)?
3, 11
Let a(g) = -2*g**3 + g**2 + 8*g - 15. List the prime factors of a(-7).
2, 83
Let c be (-22 + -6)*3/4. Let g(u) = 11*u**3 + 2*u + 1. Let w be g(-1). Let f = w - c. What are the prime factors of f?
3
Let i = -17 + 31. Let u = i - 1. Let w = -7 + u. List the prime factors of w.
2, 3
Suppose 0 = -0*r - r - 2*j + 1009, j + 5 = 0. List the prime factors of r.
1019
Suppose -4*x - 5*i = 5 - 41, -i + 12 = 2*x. Let b be 35/15 + x/6. List the prime factors of ((-42)/(-4))/(b/6).
3, 7
Suppose 0 = -5*a + 47 - 32. Suppose a = -g, 0*v - 5*v + 4*g = -137. What are the prime factors of v?
5
Suppose -42697 = -19*s + 36495. List the prime factors of s.
2, 521
Suppose 2*z + 9 = 25. Let x(v) = -v**3 - 11*v + 0*v**3 - 8 + 10*v**2 + 2*v. What are the prime factors of x(z)?
2, 3
Let z(r) = -r**2 + 13*r + 30. Let q be z(15). Suppose -5*p - 5 = q, i - 63 = -2*p + 24. List the prime factors of i.
89
Suppose -4*g - 14*g + 954 = 0. What are the prime factors of g?
53
Let l(v) = -4*v**2 + 11*v - 5. Let y(r) = 5*r**2 - 12*r + 5. Let i(j) = -4*l(j) - 3*y(j). Let w be i(4). Let z = w - -34. List the prime factors of z.
23
Suppose -6*q - 89 = -287. Suppose 0*c - 86 = -2*u + 3*c, 0 = -4*u - 4*c + 192. Let m = u - q. List the prime factors of m.
13
Suppose 0*c + 2*s + 182 = 4*c, 3*c - s - 136 = 0. What are the prime factors of c?
3, 5
Let f be 1*150/(-4)*(-8)/12. Suppose 0 = 2*z + 4*t - 114, -2*t = 3*t + f. What are the prime factors of z?
67
Let i(q) = -21*q. Let x be i(-1). Let o = x + -22. Let k = o - -29. What are the prime factors of k?
2, 7
Let w(z) = 3*z**3 - 13*z**2 + 6*z + 9. Let m(f) = 2*f**3 - 13*f**2 + 6*f + 7. Let r(y) = -4*m(y) + 3*w(y). What are the prime factors of r(-13)?
7, 11
Let i = 514 + -297. Let l = i + -153. List the prime factors of l.
2
What are the prime factors of 174/(-9)*(-456)/16?
19, 29
Suppose -309 - 4836 = -15*g. What are the prime factors of g?
7
Suppose -o = -0 - 3. Suppose -o*j - 2*j = 30. Let c(d) = d**3 + 7*d**2 + 2*d + 1. List the prime factors of c(j).
5
Let b(f) = f**3 + 17*f**2 - 6*f - 23. List the prime factors of b(-13).
17, 43
Suppose -157*u + 165*u = 6304. List the prime factors of u.
2, 197
Let u(z) = -z**3 + 8*z**2 - 6*z + 10. Suppose 2*t - 7 = -4*h + 19, 16 = t + 3*h. Let s be 8/28 - (-47)/t. List the prime factors of u(s).
17
Suppose 0 = -5*f - 2*h + 15, 5*h - 12 = -5*f + 18. Let y = 106 - f. List the prime factors of y.
3, 5, 7
Let q(r) = r + 11. Let k be ((-6)/5)/((-2)/(-10)). Let n be q(k). Suppose n*j - 34 = 2*g, j - 2*j - 7 = -5*g. List the prime factors of j.
2
What are the prime factors of (-41994)/54*12/(-2)?
2, 2333
Let a(u) = u**2 + 10*u - 17. Let g be a(-13). Suppose 3*j - 2 = j + 4*q, -j = 2*q + 3. Let d = g - j. What are the prime factors of d?
23
Let k = 29 + -26. Let l(c) = 29*c**2 + 2*c - 3. Let b be l(2). Suppose -k*w + b = -0*w. What are the prime factors of w?
3, 13
Suppose 2*c = 4*c. Let z(k) = 2*k + 16. Let t be z(-7). Suppose -t*o - o + 141 = c. What are the prime factors of o?
47
Let k = 6 - 3. Suppose -x - v = -11, 2*v - 7 - k = 0. Let g(u) = -u + 19. List the prime factors of g(x).
13
Let p(o) be the second derivative of -o**3 + 2*o**2 + 9*o. List the prime factors of p(-10).
2
Suppose 6*n = n + 20, -5*u - 114 = -n. Let i be 24/(-84) + (-1776)/7. What are the prime factors of i/(-7) - u/(-77)?
2, 3
Let p = 1045 + -1531. Let f = -233 - p. List the prime factors of f.
11, 23
Let a be 37/(-4) + 27/(-36). Let y(s) = s**2 + 7*s + 22. List the prime factors of y(a).
2, 13
Let z = 3051 + -852. What are the prime factors of z?
3, 733
Let a be (-4)/(-5) + (-2)/(-10). Let u(f) = -2 - 2*f + 0*f**2 + f**2 + a + 4. List the prime factors of u(2).
3
Suppose 0 = 7*k + k - 104. Suppose 2856 = -t + k*t. List the prime factors of t.
2, 7, 17
Let d(a) be the third derivative of -a**6/120 + a**5/30 + a**4/8 - a**3 + 3*a**2. List the prime factors of d(-4).
2, 3, 13
Suppose 5*r - 2662 = 4*o, -2*r - 9*o + 1066 = -10*o. List the prime factors of r.
2, 3, 89
Suppose 941 = b + 6*f - 4*f, -4*f - 4733 = -5*b. What are the prime factors of b?
3, 5, 7
Let y = 141 - -300. What are the prime factors of y?
3, 7
Suppose 24 = -0*z + z. Let j be (-24)/(-2)*(-30)/z. Let w = 26 - j. What are the prime factors of w?
41
Suppose -7*n - 1551 = -10*n. List the prime factors of n.
11, 47
Suppose 0*o + 4*h = 2*o - 524, 781 = 3*o - h. Suppose o = -8*t + 18*t. List the prime factors of t.
2, 13
Suppose -k + 2*c + 1351 = 0, 6*k + 5448 = 10*k + 3*c. What are the prime factors of k?
3, 151
Suppose 5*u - 1558 = -428. What are the prime factors of u?
2, 113
List the prime factors of (-9)/(-2)*13410/135.
3, 149
Let y(i) = -i**3 + 35*i**2 - 16*i - 96. List the prime factors of y(14).
2, 13, 73
Let a be 9 - (2/(-6))/(2/6). Suppose a*s + 470 = 15*s. List the prime factors of s.
2, 47
Let w(d) = -d**3 - 8*d**2 - 2*d - 14. Let l be w(-8). What are the prime factors of (-8 + 9)/(l/190)?
5, 19
Let f = -16 - -26. Suppose 7*g - 174 = f*g. Let t = g - -90. List the prime factors of t.
2
Let v(k) = -2*k - 46. Let p be v(-25). Suppose 2*z + 5*j = p*z - 268, 2*z - 2*j - 256 = 0. What are the prime factors of z?
2, 31
Let r = -22 + 760. List the prime factors of r.
2, 3, 41
Let q(s) = s**3 + 8*s**2 + 5*s - 7. Let o be q(-7). List the prime factors of (o - 18)/(1/(-7)).
7, 11
Suppose -q - 3*p + 528 = 0, 3*q - 6*p - 1551 = -4*p. What are the prime factors of q?
3, 173
Suppose -2*n - 14*n = -10048. What are the prime factors of n?
2, 157
Let c be -2 + (9/(-6))/(1/(-2)). List the prime factors of 3 - (c + -106 + -2).
2, 5, 11
Let w = -737 + 1124. What are the prime factors of w?
3, 43
Let l(c) = -179*c + 362. What are the prime factors of l(-6)?
2, 359
Let m be 820/120 + (-15)/18. Suppose 0 = 4*z + 3*l + 2*l - 258, -l - 60 = -z. Suppose z + m = b. What are the prime factors of b?
2, 17
Suppose y - 3312 = -47*y. What are the prime factors of y?
3, 23
Let p(u) = -u**2 - 1. Let z be p(-1). Let o(v) = -6 + 17 - 2*v - 7. What are the prime factors of o(z)?
2
Let j = 28 + -28. Let q(l) = 2*l + 35. List the prime factors of q(j).
5, 7
Suppose -183 + 566 = a. What are the prime factors of a?
383
Suppose -2*a + 1794 = -3*f, 2*f + 230 + 1560 = 2*a. List the prime factors of a.
3, 11
Suppose 0*h + i + 35 = 3*h, 4*h - 2*i = 44. Let o = h - -9. Let d = 40 + o. What are the prime factors of d?
2, 31
Let w = 20 - -10. What are the prime factors of ((-74)/6)/(w/(-9) - -3)?
37
Suppose 105 = 7*w - 10*w. Let g = 35 + w. Suppose -5*u + g*u = -60. List the prime factors of u.
2, 3
Let v be -1*(-2 + -2) + -3. Let l = 5 + v. Let z = l - -16. What are the prime factors of z?
2, 11
Let d = 71 + -69. Suppose 153 = d*o - o - 4*z, -2*z + 326 = 2*o. List the prime factors of o.
7, 23
Suppose 5*t + 3 = 18. Let h(v) = 2*v. Let m(k) = 15*k - 3. Let w(l) = 18*h(l) - 2*m(l). What are the prime factors of w(t)?
2, 3
Let x(w) = -w**2 - 5*w + 1. Let u be x(-5). List the prime factors of (u - 563/(-7)) + 3/(-7).
3
Let j(m) = 28*m - 56. What are the prime factors of j(15)?
2, 7, 13
Suppose -2*i + 12 = -6*i. Let o(m) be the second derivative of -m**5/10 - m**4/4 - m**3/3 - 2*m**2 - m. List the prime factors of o(i).
29
Suppose -5*l - 4*z = -10, -3*l + 2*l + 4*z = -26. Let v(f) = -f**2 - 7 + l*f + 0*f + 2 + 6. List the prime factors of v(5).
2, 3
What are the prime factors of 190/(-3)*-15 - (-1 + -1)?
2, 7, 17
Suppose 66 = y + 16. Let c be (-510)/y - (-2)/10. Let p = 26 + c. List the prime factors of p.
2
List the prime factors of (-9 - -3)/((-8)/44).
3, 11
Let h = 1995 + -703. What are the prime factors of h?
2, 17, 19
Suppose 0*v - 5*v + 60 = 0. Let t = 13 - v. What are the prime factors of 3 - 0 - (-4 - t)?
2
Suppose 2*x - 5*x - 3 = 0. Let k be -3 + (0 - 4)/(-2). List the prime factors of 6/(x + 3) - k.
2
Let v = -7 + 12. Suppose 0 = -v*q + 2 + 8. Suppose -q*c + 3*c - 5*f = 34, -4*f = 3*c - 26. List the prime factors of c.
2, 7
List the prime factors of (9278/32)/((-25)/(-100))*4.
4639
Let s = -74 + 51. Let i = -21 - s. Suppose 4*l - 167 + 56 = -3*a, 170 = 4*a - i*l. List the prime factors of a.
41
Let h(z) = 2*z + 17. Let f be h(-7). Suppose 2*i + 0*i + 4*c - 616 = 0, i = -f*c + 312. Suppos